-0*j, 0 = -3*j + 4*x + 50. What is the greatest common divisor of j and o?
10
Let m = 346 - 345. Calculate the greatest common divisor of m and 56.
1
Let o(k) = -4*k + 157. Let r be o(18). What is the highest common divisor of r and 25?
5
Suppose 1971 = -19*y + 22*y. What is the highest common factor of y and 27?
9
Let l = -1188 + 1678. What is the highest common factor of 280 and l?
70
Let y(o) = 2*o**3 - 13*o**2 + 20*o - 7. Let a be y(8). What is the highest common factor of 23 and a?
23
Let p = 67 - 38. Suppose -2*i + i + p = 0. Suppose t = -15 + i. Calculate the highest common factor of 7 and t.
7
Let z(s) be the second derivative of 5*s**4/12 - s**3/3 - 3*s**2 - 2*s. Let p be z(-3). Suppose 15 = -h + p. What is the greatest common factor of 20 and h?
10
Let o(y) = -11*y - 450. Let r be o(-41). Calculate the greatest common divisor of 41 and r.
1
Let y be (10/(-6))/(210/(-4788)) - 3. Calculate the highest common divisor of y and 21.
7
Let g = -45 - -57. Suppose -2*r + 4*b = 2*r - 120, 2*r - 64 = b. Suppose 0 = -4*t - 3*x + 141, -t - 3*x + x = -r. What is the greatest common factor of t and g?
12
Suppose -2*i - 5 = -3*i. Suppose -2*r - 3*r - 25 = -i*x, 7 = -r - x. Let o be (-4)/r - 694/(-3). What is the greatest common factor of o and 29?
29
Let c be (-4)/(-2) - (10 + -3). Let n = 12 + c. Let q = 116 + -115. What is the highest common divisor of n and q?
1
Let t = -51 + 31. Let f = -10 - t. Let r(w) = w**2 + 2*w + 10. Let p be r(0). Calculate the highest common factor of p and f.
10
Suppose -5 = m - 17. Suppose -2*q - q = -396. What is the greatest common divisor of q and m?
12
Suppose -19 - 6 = -r. Let i = 30 - r. Let n be (-2)/1 + 0 + 7. Calculate the highest common factor of i and n.
5
Suppose -2*t = -5*d + 7371, d + 2*d - 4419 = 3*t. Calculate the highest common divisor of d and 25.
25
Suppose 0*v - 2*v = 5*t - 14, 5*v = -5*t + 20. Suppose v*x = -2*x + 44. Let g = 79 - 35. What is the highest common factor of g and x?
11
Let o(y) = 72*y - 5. Let z(i) = i + 1. Let q(s) = -o(s) - 4*z(s). Let p be q(-1). Calculate the highest common divisor of p and 7.
7
Suppose g + 1120 = 5*m, 925 = 39*m - 35*m + 5*g. Calculate the greatest common factor of 50 and m.
25
Suppose -2 = -q + 18. Suppose -25 = -h + 25. What is the greatest common factor of h and q?
10
Let u = 399 + -217. Calculate the greatest common factor of 56 and u.
14
Suppose -3*b + 5*n + 756 = n, 0 = -b - n + 245. Let f(x) = -x**3 - 91*x**2 - 4*x - 333. Let l be f(-91). Calculate the highest common factor of l and b.
31
Let f = 79 + -37. Let i(z) = 3*z + 3. Let w(o) = 2*o - 40. Let x be w(23). Let h be i(x). Calculate the highest common divisor of f and h.
21
Let n(d) be the first derivative of d**2 + 10*d - 2. Let a be n(-7). Let j(y) = y + 8. Let b be j(a). Calculate the highest common divisor of b and 28.
4
Let h = -26 - -31. Suppose -h*k - 46 = -4*i - 3*k, i + 4*k = 7. What is the highest common factor of 110 and i?
11
Let z = -1 - -14. Suppose 5*b - 27 = z. What is the greatest common divisor of 64 and b?
8
Let k(s) = -s**2 + 16*s - 14. Let t be k(12). Let i = 35 - t. Calculate the highest common divisor of 12 and i.
1
Let u(a) = 5*a + 15. Let i be u(6). What is the greatest common divisor of i and 180?
45
Let b be ((-6)/5)/(2/(-30)). Suppose 219*v - 1863 = 108. Calculate the greatest common divisor of b and v.
9
Suppose -14*y + 4*y + 1800 = 0. Calculate the highest common factor of y and 72.
36
Let a(k) = -9*k - 1. Let u be a(-1). Let n be (-1)/8 + (-479)/u. Let c = 84 + n. Calculate the greatest common divisor of c and 6.
6
Let f = 278 + -227. What is the highest common factor of f and 102?
51
Suppose 0 = -s + 4*s - 15. Suppose 0 = -2*b, 2*g + 3*g = -s*b + 420. Suppose 0 = 3*q - 4 - 80. What is the greatest common divisor of g and q?
28
Let a be 3/(-6) - 93/6. Let f = a + 14. Let u be -2 - (-2 + -3 - f). What is the greatest common factor of 4 and u?
1
Let z(l) = -3*l - 15. Let f be z(-6). Let w be 4 - 21/(f/(-1)). What is the greatest common divisor of 11 and w?
11
Let a be 12/(-4) + 33/1. Suppose 3*l - 12*l = -810. Calculate the greatest common factor of a and l.
30
Let c be 12/(-6) + 4/1. Let w(y) = 4*y - 3. Let f be w(c). Suppose f*x = 2 + 3. What is the greatest common factor of x and 8?
1
Let c be (63/48*4)/((-3)/(-44)). What is the greatest common factor of 140 and c?
7
Let s be (2 - 14)/(-3) + 5/(-5). Let n(j) = -j**3 - 6*j**2 - 4*j + 3. Let q be n(-6). What is the greatest common divisor of q and s?
3
Let k(c) = -c + 2. Let u be k(1). Let x be (11/(275/(-40)))/(u/(-180)). What is the greatest common divisor of x and 32?
32
Let p be ((-125)/(-15))/((-3)/(-9)). Let d = p + -21. Suppose -30 - 18 = -d*b. Calculate the greatest common divisor of b and 4.
4
Suppose -2*b - 4*b - 24 = 0. Let o(k) = -6*k - 14. Let f be o(b). Let j be (-2)/(-7) - 346/(-14). What is the highest common factor of j and f?
5
Let r(a) = 6*a**2 - 5*a + 1. Let w be r(5). Suppose 5*q - 4*i - 55 = 0, -15*i = -2*q - 17*i + 4. What is the greatest common divisor of q and w?
7
Let h(l) = 42*l**2 - 2*l - 1. Let t be h(-1). Suppose -642 = -24*c + 10710. What is the greatest common factor of c and t?
43
Let h(m) = m**3 - 4*m**2 - 5*m + 4. Let g be h(5). Let s(l) = -73*l + 588. Let c be s(8). What is the greatest common factor of g and c?
4
Let b(c) = 10*c**3 + 16*c + 6. Let f be b(6). What is the greatest common divisor of f and 29?
29
Let j(z) = -8*z - 22. Let v be j(-5). Let b = 34 - v. Let u = 68 - 44. What is the highest common divisor of u and b?
8
Let r = -6 + 11. Suppose -r*l = -94 - 106. Let j = 38 + -33. Calculate the highest common factor of l and j.
5
Suppose 3*d = -3*x + 3, x = -x - 6. Let z be (-2)/d + (-112)/(-32). Suppose r + z*n - 2 = 0, 4*n = r + 3 - 5. Calculate the highest common factor of r and 2.
2
Suppose 0 = -2*m - 0*m + 324. Let j = m - 110. What is the greatest common divisor of 130 and j?
26
Suppose 2*r + 27 = 5*r + u, -4*r - 3*u = -31. Calculate the greatest common factor of 75 and r.
5
Suppose 10*n - 475 - 965 = 0. Suppose -6*w - 5*d = -w - 30, w - 3*d = 2. Suppose w*z = z + n. What is the greatest common divisor of z and 18?
18
Suppose 2*s - 58 - 214 = 0. Suppose 6*o - 8*o = -s. What is the greatest common divisor of 17 and o?
17
Let z = -144 + 213. Suppose 4*s - 3*k = 352, 4*k = -3*s + z + 195. What is the greatest common factor of 16 and s?
8
Suppose 32 = -0*l + l. Let j be 8 - 7 - (0 - 6). Suppose 2*h + 3*t - j = 0, h + 4*h = t + 43. Calculate the highest common factor of l and h.
8
Let f = 13 - 13. Suppose 0 = 4*m + m + o - 180, f = 4*o. What is the greatest common divisor of 36 and m?
36
Suppose 2*l = -2*f - 2*f + 22, 3*f - 34 = -5*l. Calculate the greatest common factor of 51 and f.
3
Let u(i) = -4*i - 17*i**2 + 4 + 23*i**2 - 4. Let m(w) = w**3 - 7*w**2 + 6*w + 4. Let r be m(6). Let t be u(r). What is the highest common divisor of 32 and t?
16
Suppose 2 = l + 6. Let u(g) = -g**3 - g**2 + 4*g - 4. Let a be u(l). Calculate the highest common divisor of a and 196.
28
Let p(d) = d**3 + d**2 - 21*d + 34. Let b be p(7). What is the greatest common factor of 18 and b?
9
Let h = 353 - 314. What is the highest common divisor of h and 169?
13
Let y = -58 + 87. Let n = y + 9. Calculate the greatest common factor of 38 and n.
38
Let t be 1871/2 + ((-26)/4 - -7). Calculate the greatest common divisor of t and 104.
104
Suppose 22 = 2*f + 2*t, 5*t + 0*t - 16 = -2*f. What is the greatest common divisor of 117 and f?
13
Let g(d) = -2*d + d**2 - 2*d + 8*d + 1 + 5. Let b be g(-5). Calculate the highest common divisor of 77 and b.
11
Let z(g) = 13*g**2 - 8*g - 4. Let n be z(-8). Suppose u + 225 = a, -4*a - 5*u + u = -n. Calculate the highest common factor of a and 14.
14
Suppose -2*z + 470 = 26. Suppose 0 = -5*o - b + z, 0 = o - 10*b + 5*b - 34. What is the highest common divisor of 11 and o?
11
Let k be (-24)/(-40) + 581/(-35). Let u(g) = -4*g + 6. Let h be u(-5). Let z = k + h. Calculate the greatest common divisor of 25 and z.
5
Suppose -3*p + 24 = 12. Suppose -5*v + p*c + 70 = 0, -6*c - 25 = -v - 3*c. Calculate the highest common factor of 230 and v.
10
Let m be 1/(-2 + 30/14). What is the highest common factor of 63 and m?
7
Let r(h) = 3*h + 6. Let z be r(6). Let g(p) = -p**2 - 4*p. Let k